e greatest common divisor of 234570080 and 1088.
544
What is the greatest common divisor of 1240 and 42595240?
1240
What is the highest common divisor of 9681720 and 120?
120
Calculate the greatest common factor of 25185 and 20720539.
1679
Calculate the highest common divisor of 6 and 3732579.
3
Calculate the greatest common factor of 545 and 11312129.
109
Calculate the greatest common factor of 355966 and 1261.
13
What is the greatest common factor of 207 and 70339359?
69
Calculate the greatest common divisor of 24 and 44998302.
6
Calculate the greatest common factor of 7714 and 11002194.
406
What is the greatest common factor of 388954923 and 651?
651
Calculate the highest common divisor of 18688 and 10024944.
1168
What is the highest common divisor of 25704 and 9437904?
1512
What is the highest common factor of 10752 and 106021888?
3584
What is the greatest common factor of 516 and 27804006?
6
What is the highest common divisor of 53862 and 1376160?
282
Calculate the highest common divisor of 18445160 and 25.
5
Calculate the greatest common factor of 3525 and 62840175.
3525
Calculate the highest common factor of 28590384 and 17394.
1338
What is the greatest common factor of 9016706 and 476761?
971
What is the greatest common factor of 17254753 and 10031?
1433
Calculate the greatest common divisor of 48269034 and 18.
18
What is the highest common divisor of 6968 and 717771?
67
Calculate the highest common factor of 89354050 and 75.
25
Calculate the highest common divisor of 180 and 4775796.
36
What is the greatest common divisor of 67539 and 1924143?
1437
What is the highest common divisor of 149481 and 21267?
153
What is the highest common factor of 5648 and 227152?
16
What is the greatest common factor of 60135 and 266855?
95
Calculate the highest common factor of 55454483 and 176225.
7049
Calculate the greatest common factor of 39660704 and 32.
32
Calculate the highest common factor of 49641856 and 121.
11
Calculate the greatest common factor of 57978676 and 2167.
197
Calculate the highest common factor of 27799295 and 46.
23
What is the greatest common factor of 2701 and 1110549?
73
Calculate the greatest common factor of 398961 and 32689.
97
Calculate the highest common factor of 87044 and 190293.
463
What is the greatest common divisor of 103635320 and 80?
40
Calculate the greatest common factor of 147 and 1015077.
21
What is the highest common factor of 904077 and 23325?
933
What is the greatest common divisor of 57442919 and 536?
67
Calculate the highest common factor of 30571 and 8151.
19
What is the highest common factor of 1911133 and 136899?
287
What is the highest common divisor of 104460057 and 234?
117
What is the highest common divisor of 212 and 9736471?
53
Calculate the greatest common divisor of 6984693 and 756.
9
What is the highest common divisor of 10544215 and 47?
47
What is the highest common factor of 2581528 and 128336?
4936
What is the greatest common factor of 1872 and 2499480?
72
Calculate the highest common divisor of 673205092 and 4.
4
Calculate the greatest common divisor of 1998 and 5839451.
37
Calculate the highest common factor of 350 and 15729850.
50
Calculate the greatest common divisor of 454238 and 667718.
1186
What is the greatest common divisor of 194818576 and 16?
16
What is the highest common factor of 254 and 25784302?
254
What is the greatest common divisor of 157816717 and 114?
19
Calculate the greatest common divisor of 5278 and 276341.
377
What is the highest common divisor of 16625 and 28875250?
2375
Calculate the highest common factor of 192806 and 249426.
298
Calculate the highest common divisor of 1819 and 77741.
17
What is the greatest common factor of 3541797 and 22491?
1071
Calculate the greatest common factor of 587551 and 2.
1
Calculate the highest common factor of 130976 and 1256.
8
Calculate the highest common divisor of 210 and 14601790.
70
What is the greatest common factor of 91516025 and 2900?
725
What is the highest common divisor of 16 and 48491104?
16
What is the greatest common factor of 14657740 and 2261?
323
Calculate the greatest common factor of 5451 and 8160216.
69
What is the highest common factor of 66693165 and 1785?
105
What is the greatest common divisor of 782491 and 8343?
103
What is the greatest common divisor of 8432 and 10520?
8
What is the highest common divisor of 7170 and 87656835?
3585
Calculate the greatest common factor of 2086 and 18161610.
298
Calculate the greatest common divisor of 740 and 413281490.
370
Calculate the greatest common divisor of 4033718 and 1503.
167
What is the highest common factor of 4498659 and 133407?
2187
Calculate the highest common divisor of 20919786 and 12.
6
What is the greatest common factor of 3540 and 17376?
12
What is the highest common divisor of 115 and 4176271?
23
What is the highest common factor of 604103 and 127306?
1201
What is the highest common divisor of 963 and 375006645?
963
Calculate the highest common factor of 572374207 and 17.
17
What is the highest common factor of 19188 and 46737171?
4797
What is the highest common factor of 228 and 10150978?
38
Calculate the greatest common factor of 1559792 and 6032.
208
What is the highest common factor of 11094 and 3457716?
258
What is the highest common divisor of 1362480 and 5558?
14
Calculate the highest common factor of 7018 and 3900094.
638
Calculate the greatest common divisor of 4416 and 20739054.
138
What is the highest common factor of 59086264 and 1013?
1013
What is the greatest common factor of 833 and 10784116?
49
What is the greatest common factor of 119 and 2479463?
7
Calculate the greatest common factor of 108 and 30177540.
36
What is the greatest common factor of 84 and 256168?
4
Calculate the greatest common divisor of 193250 and 550.
50
What is the greatest common divisor of 1844763138 and 1143?
1143
Calculate the highest common factor of 67 and 41539933.
67
What is the highest common divisor of 205470 and 20250?
270
Calculate the highest common factor of 1631763 and 588525.
1239
Calculate the greatest common factor of 5733 and 274204.
49
Calculate the greatest common divisor of 55051682 and 1386.
14
What is the highest common factor of 3836 and 18141129?
137
Calculate the greatest common divisor of 9530831 and 53.
53
Calculate the highest common factor of 2442 and 219923.
11
Calculate the greatest common factor of 2072127 and 860.
43
Calculate the greatest common divisor of 549 and 294075.
9
Calculate the greatest common factor of 33132357 and 9.
9
What is the greatest common factor of 4409226 and 153?
9
Calculate the greatest common divisor of 28089120 and 1807.
139
What is the highest common divisor of 53354 and 2882558?
1442
Calculate the greatest common factor of 17513 and 295397.
83
What is the highest common divisor of 20884 and 690761?
227
Calculate the highest common divisor of 196963 and 871.
13
What is the greatest common factor of 21 and 123732847?
7
What is the greatest common factor of 243 and 72859473?
27
What is the highest common divisor of 351795 and 5029?
47
Calculate the highest common divisor of 2453872 and 2678.
206
Calculate the greatest common divisor of 624 and 1060176.
624
Calculate the highest common divisor of 256608 and 844448.
352
Calculate the highest common factor of 8790383 and 2938.
113
Calculate the highest common factor of 6558563 and 2783.
121
What is the greatest common divisor of 132581592 and 9?
9
What is the greatest common factor of 9378824 and 676?
676
Calculate the greatest common divisor of 736229659 and 187.
187
Calculate the greatest common divisor of 761414265 and 171.
171
What is the greatest common divisor of 37980 and 43972400?
4220
What is the highest common divisor of 8547 and 3202017?
777
What is the greatest common factor of 5050 and 270983?
101
What is the highest common divisor of 27 and 4229892?
9
What is the highest common factor of 63072576 and 11088?
1008
Calculate the greatest common divisor of 4202 and 11952886.
22
What is the greatest common divisor of 87 and 95877799?
29
What is the greatest common divisor of 30618 and 2107?
7
What is the greatest common divisor of 728 and 1171261?
91
What is the highest common divisor of 38374338 and 7752?
1938
What is the greatest common factor